50) + a/(-10). What is the greatest common factor of z and 4?
4
Let s(b) = 3*b**2 + b - 288. Let p be s(-25). What is the greatest common factor of p and 22?
22
Let s = 186 + -91. Suppose -3*l - 4*v + 110 = -0*v, 3*l - 2*v = 116. What is the highest common factor of s and l?
19
Suppose -54*s - 200 = -74*s. Suppose 2*h + 0*h - 140 = 0. What is the highest common factor of h and s?
10
Suppose -4*c = 2*c + 252. Suppose 5*w = -2*d - 75, -6*w + 2*w - 72 = 2*d. Let r = d - c. Calculate the greatest common factor of r and 84.
12
Let h be (1 + -2)*(-36 + -4). Suppose z + 4*z = h. Suppose -5*v - 15 = 0, z*n + 4*v - 128 = 4*n. What is the greatest common factor of n and 5?
5
Suppose -12*x + 19070 = 3626. What is the highest common divisor of 198 and x?
99
Let u(q) = 80*q**2 + 4*q + 7. Let a be u(-2). What is the highest common divisor of a and 99?
11
Let j be 64 - (-1)/(-1)*-3. Suppose 3*a - 34 = -2*h + 5*a, -4*h + 3*a + j = 0. Calculate the highest common factor of 8 and h.
8
Let g = 53 + 13. Suppose 0*t - t = -g. Suppose -10 = -7*r + 32. What is the highest common factor of r and t?
6
Let v = 690 + -338. Calculate the greatest common factor of 320 and v.
32
Let j be (-1)/(-6) + (-91)/42 + -7. Let g = -98 - -5. Let k be g/j - (-2)/(-6). What is the greatest common divisor of 2 and k?
2
Let j(x) = 3*x**2 - 27*x + 75. Let g be j(6). Let o be (-2264)/(-18) + 8/36. What is the greatest common divisor of g and o?
21
Let b(z) = 2*z**3 - 4*z**2 - 3*z + 10. Let g be b(3). What is the greatest common factor of 437 and g?
19
Let r = 1211 + -1163. Calculate the highest common factor of 39 and r.
3
Let m(x) = -3 + 5*x**2 - 6*x**2 + 6*x + 4*x. Let c be m(12). Let h = -20 - c. Calculate the greatest common factor of 77 and h.
7
Let i(y) = -4*y + 2. Let c = -1 + -1. Let d be i(c). Let k be 10/(-3 - 7)*250/(-5). What is the greatest common factor of k and d?
10
Let y = 1994 + -1836. What is the highest common divisor of y and 1027?
79
Let j(t) = -13*t. Let o be j(1). Let p(l) = -l**2 - 12*l + 3. Let n be p(o). Let s be ((-12)/n)/((-2)/(-40)). What is the highest common divisor of s and 36?
12
Let k be 1 + 18/(-14) - (-70700)/490. Calculate the greatest common divisor of 48 and k.
48
Let y = -77 - -99. Calculate the highest common factor of y and 231.
11
Let k = -1597 - -964. Let t = 2347 + -1434. Let g = t + k. What is the highest common divisor of g and 35?
35
Let b = 20 + -18. Suppose -40 = -b*n - 5*i, 5*n + 26 - 126 = 5*i. Calculate the highest common factor of n and 30.
10
Let s = -94 - -137. Calculate the greatest common factor of s and 129.
43
Suppose 95 + 139 = 13*h. What is the highest common factor of 2 and h?
2
Let w be (4/(-10))/((-4)/60). Suppose -w*s = -3*s. Suppose s = -v, 3*t - 2*v - 3*v = 24. What is the greatest common divisor of 64 and t?
8
Let j be (-4)/10 - (-64)/10. Let l be 2/7 + 65*(-10)/(-175). Suppose 0 = -l*f - 269 + 293. What is the highest common divisor of j and f?
6
Let m(t) = -t**2 - 20*t - 14. Let w be m(-19). Suppose w*d = d + 108. Let f = -11 + d. Calculate the highest common divisor of 2 and f.
2
Suppose -23 - 27 = -3*j - 4*i, 0 = -j - 3*i + 20. Calculate the greatest common factor of 266 and j.
14
Suppose 14*v = 5*v + 3717. What is the highest common factor of v and 7?
7
Suppose 2*m - 5*t - 19 = 76, -3*t + 151 = 4*m. What is the greatest common factor of m and 8?
8
Let v(f) = -f**3 - 14*f**2 - 47*f + 14. Let y be v(-9). What is the highest common divisor of y and 40?
8
Let c = -38 - -533. Calculate the greatest common factor of 22 and c.
11
Let f = 0 - -3. Suppose 0*t - 6 = -f*z - 3*t, 5*t = 10. Let y be -3 + -1 + (22 - z). Calculate the greatest common divisor of y and 9.
9
Let o(s) = -3*s - 2. Let p be o(0). Let t be -1 + p + -1 - -4. Suppose -4*a - 10 + 74 = t. What is the greatest common factor of a and 64?
16
Suppose 3*w = -0*w + 60. Let x = -219 + 249. Calculate the highest common factor of x and w.
10
Suppose 81 = 5*s + l - 5*l, 5*s - 90 = -5*l. Let c be (2/(-4))/((-2)/12). Let g = c + 48. Calculate the highest common factor of g and s.
17
Suppose 0 = o + 4*q + 14, o - 2 = -2*o - q. Suppose -7*f + o*f + 500 = 0. Calculate the highest common factor of 40 and f.
20
Let h be (-2)/4*(-67 - 21). Suppose 232 = 4*l - 32. What is the highest common divisor of h and l?
22
Let r = -119 + 146. Let d(j) = j**3 - 11*j**2 - 10*j - 15. Let y be d(12). What is the greatest common factor of y and r?
9
Let h = 1559 + -1527. Calculate the highest common factor of h and 112.
16
Let u(o) = 2*o**2 - 4*o + 17. Let y be u(12). Suppose 485 = -3*n - 61. Let c = y + n. What is the highest common factor of 30 and c?
15
Suppose 3*q = 5*a + 13, -10*a + 6 = 2*q - 14*a. Let o(j) = 18*j**2 + 2*j + 1. Let i be o(2). Calculate the greatest common divisor of q and i.
11
Let i be 1/(8/(-3) + 3). Suppose 0 = 4*t - 0*t - i*c - 1, -5*t + 4*c = 0. Let v be (-1 - -5)/((-1)/(-9)). Calculate the highest common factor of t and v.
4
Suppose 0 = -9*w + 16*w - 175. What is the highest common factor of w and 40?
5
Let i(d) = d**2 + 31*d + 12. Let b be i(-39). What is the highest common factor of 72 and b?
36
Suppose -4*b + 2*b = -m + 7, 20 = -4*b + 4*m. Let l be (5 + 3/12)/(b/(-16)). What is the greatest common divisor of l and 14?
14
Let z be (1/(-3))/((-11)/5412). Calculate the highest common factor of 41 and z.
41
Let x be 2 - (4 - (-69)/(-3)). Calculate the highest common factor of x and 21.
21
Suppose -5*k - 15*j = -17*j - 320, -256 = -4*k - 2*j. What is the greatest common factor of k and 20?
4
Let m be (0 - 0)/(-1 + 2). Suppose 3*u - 2*b - 60 = m, -b = -u + 2*u - 15. What is the highest common divisor of u and 27?
9
Suppose v = 30 - 6. Let d(b) = 3*b - 6. Suppose -3*a - 1 = 2*x, -2*x = -7*a + 2*a + 25. Let j be d(a). What is the highest common divisor of j and v?
3
Suppose 849*f = 852*f - 912. Calculate the highest common divisor of 256 and f.
16
Let n(x) = 35*x - 3. Let r = -96 - -97. Let p be n(r). What is the highest common factor of p and 16?
16
Let y(g) = -g**3 - 9*g**2 + 8*g - 7. Let t be y(-10). Suppose 14*h + 258 - 1714 = 0. What is the highest common divisor of h and t?
13
Suppose 4*n = 4*p + 60, -4*n - 15*p + 61 = -18*p. Calculate the greatest common divisor of n and 4.
4
Suppose 0 = -2*d + 10, d = -k + 4*k - 124. Suppose -k = -4*y - p, 22 = -5*y - p + 75. What is the greatest common divisor of y and 90?
10
Let y be -4 - 0 - -5 - -128. Let v = -108 + y. Suppose 0 = -4*g - g + 35. What is the greatest common factor of v and g?
7
Let i(l) = l**3 - 11*l**2 + 10*l + 4. Let v be i(11). Suppose 240 = -v*t + 119*t. What is the greatest common factor of 240 and t?
48
Let b be -40*(74/185)/(1/(-3)). Calculate the greatest common factor of b and 1024.
16
Let v(p) = -p + 2 - p + 0*p + 8*p. Let o be v(2). Calculate the highest common factor of o and 126.
14
Let m = -23 + 24. Let j be (1 + -2)*((m - -4) + -17). Let b = 6 + 6. Calculate the highest common factor of b and j.
12
Let p(g) = -4*g**2 - 15*g + 23. Let w(d) = -2*d**2 - 8*d + 11. Let h(i) = -3*p(i) + 7*w(i). Let y be h(-6). What is the highest common divisor of 18 and y?
2
Let b(a) = a**2 + 27*a + 199. Let f be b(-12). Suppose -3*t - 5*g + 643 = 197, -300 = -2*t - 2*g. Calculate the greatest common divisor of f and t.
19
Let b = 1895 + 185. What is the greatest common divisor of b and 64?
32
Let s(x) = x**3 + 43*x**2 + 77*x - 128. Let i be s(-41). Calculate the highest common factor of i and 91.
7
Suppose -2*d = 2*r - 458, 0 = -2*r + 5*r + 15. Suppose -41 = -5*x + d. What is the highest common divisor of 22 and x?
11
Let f(t) = -232*t**3 - 1. Let s be f(-1). Let z = -599 - -397. Let l = 223 + z. Calculate the highest common factor of s and l.
21
Suppose 32 = 4*t + 2*c, -t - c = -4*c + 6. Let r be (-2)/t + (-3 - (-150)/18). What is the highest common divisor of 25 and r?
5
Suppose 0 = -2*s + 206 + 358. Suppose 0 = -6*j + s + 258. What is the highest common divisor of j and 225?
45
Let d be 77 + (-18)/6 - (5 - 1). Calculate the highest common divisor of d and 10.
10
Suppose 3*g - 12 = 12. Let t = 118 + -110. What is the greatest common factor of g and t?
8
Let w(s) = s**2 + 5*s + 9. Let l be w(-6). Suppose l = 4*a - a. Suppose -2*t - 72 = -a*t. What is the highest common factor of t and 36?
12
Let l = 1448 + 